-5). Let y be (2/b)/((-12)/30). What is the highest common factor of 40 and y?
5
Let y = -138 - -69. Let x be 2 + (-5 - -2) - y. Suppose 34 = l - 0*l + i, -5*i = -2*l + x. What is the highest common divisor of 51 and l?
17
Let g(t) = -3*t - 2. Let z be g(-4). Let f be (-2)/((-8)/(-6))*-186. Let r = f + -169. Calculate the greatest common factor of z and r.
10
Let o be -54*(5/15 + 1). Let g = 98 + o. Calculate the greatest common factor of g and 65.
13
Suppose 4*k - 1100 = 3*s, 7*k - 5*s - 1375 = 2*k. Suppose -5*m + h = -k, -3*m + 6*m + 4*h = 142. What is the highest common divisor of 27 and m?
27
Suppose 30*z = 60 + 240. Calculate the highest common factor of z and 110.
10
Suppose 6*l + 1740 = 64*l. Calculate the highest common divisor of l and 408.
6
Suppose 4*p = 5*j + 10, 0 = -p - 0*p + 2*j + 4. Suppose -3*w + 11 + 1 = p. Let t be 222/7 - (-4)/14. Calculate the highest common divisor of t and w.
4
Let d be (-5)/6*2*(-72)/60. Let g be 8/(1 + 1) + 0. Suppose 5*i - 6 = g. Calculate the highest common factor of i and d.
2
Suppose -q = -u - 17, 23 = 2*q + 2*q + 5*u. Let w be (q/15)/((-3)/(-15) - 0). Calculate the greatest common divisor of w and 36.
4
Let y = 13 + 59. Let i = y + -66. Calculate the highest common divisor of 14 and i.
2
Let j(p) = -p - 1. Let m be j(-5). Let o(b) = 2*b - 7. Let h be o(5). Let k be 20/((-1 + h)/2). Calculate the greatest common divisor of k and m.
4
Let u = -1 + 4. Suppose -7*t + u*t = -16. Suppose 4*c + 2*j - 119 = 51, -t*j = -4. What is the highest common divisor of 105 and c?
21
Suppose 4*q = q + 9. Suppose 3*k = -0*k - 6, q*x - 3*k = 246. What is the greatest common factor of 10 and x?
10
Suppose -2*v + 3*c + 19 = -2, -c = -5*v + 85. What is the highest common divisor of v and 108?
18
Suppose 10*z = 4207 + 2293. What is the greatest common factor of 26 and z?
26
Let k(d) be the second derivative of -d**3 - 7*d**2 + 5*d. Let x be k(-6). What is the greatest common factor of 11 and x?
11
Let z be ((-6)/(-9))/((-2)/(-33)). Let p = z + -14. Let t be 12 + -3 + 9 + p. What is the greatest common divisor of 165 and t?
15
Suppose -267 = 2*w - 667. Calculate the highest common factor of w and 60.
20
Suppose a - 27 = 2*q + 1, -5*a = q - 85. Let f be 3596/a - 2/(-9). Let b = 317 - f. Calculate the greatest common divisor of 13 and b.
13
Suppose 0 = 22*j - 26*j + 408. Calculate the highest common factor of 68 and j.
34
Let o(a) = a**3 + 10*a**2 + 4*a. Let w be o(-5). Suppose 2*r = -t - 85 - 10, 146 = -3*r + 2*t. Let f = r + 69. What is the greatest common factor of f and w?
21
Suppose 2*f = -2*z - 4, -4*z - 46 = -z - 5*f. Let s = -3 - z. Suppose 5*d - 4 = 4*d. Calculate the highest common divisor of s and d.
4
Let v(l) = l**3 + 9*l**2 + 3*l + 15. Let j be v(-8). Suppose 0 = 5*s + 97 - 22. Let m be (0 + 1)/((-3)/s). Calculate the highest common factor of m and j.
5
Let s(f) = f - 8. Let i(c) = 3*c - 7. Let u be i(6). Let x be s(u). What is the highest common factor of x and 12?
3
Suppose 4*o + 5*u = 17, o + u + 5 = 9. Let k be -2*(-3)/(-4)*-8. What is the greatest common factor of o and k?
3
Let m(b) = -2 - b + 9*b**3 - 10*b**3 + 1 - 4*b**2 - 7 - 8*b**2. Let o = -14 + 2. Let c be m(o). What is the highest common factor of 1 and c?
1
Suppose -w + 16 = -8*b + 6*b, -5*w - b + 58 = 0. Let o(t) = 2*t**3 + t**2 + 7*t. Let f be o(3). Calculate the greatest common factor of f and w.
12
Let y be (-1)/(-6) - (0 + (-545)/6). What is the greatest common divisor of 104 and y?
13
Let u(q) = q**2 + 19*q + 43. Let x be u(-4). Suppose 4*n + 5*w = -22 - 68, 0 = n + 3*w + 26. Let y = x - n. What is the greatest common factor of y and 33?
3
Let f(x) = -17*x - 12. Let b be f(-14). Let d = -161 + b. Let y = d + -21. Calculate the highest common divisor of 11 and y.
11
Let b = 227 + 92. What is the greatest common divisor of 11 and b?
11
Suppose 19*g - 168 = 12*g. What is the highest common factor of 16 and g?
8
Suppose 3*f = -3*y - 0*f + 201, y - f - 77 = 0. Let c be 1 + (2/8 - (-62)/8). Calculate the greatest common divisor of y and c.
9
Let h(x) = x**2 - 45*x + 28. Let u be h(46). What is the highest common divisor of u and 2?
2
Suppose 15*u = 11*u + 4*z + 56, 92 = 4*u + 5*z. Suppose 12*c - 18*c = -u. What is the highest common divisor of c and 2?
1
Let g(y) be the second derivative of 7*y**3/3 + y**2 - 11*y. Let t be g(14). What is the highest common divisor of t and 22?
22
Suppose 497 = -774*g + 781*g. Calculate the highest common factor of g and 639.
71
Suppose 4*w - 3*b - 5 = -4*b, 5*b + 13 = -w. Suppose 237 = w*f + 41. Calculate the greatest common factor of 49 and f.
49
Let t = 110 - 97. What is the highest common factor of t and 208?
13
Let o = -312 + 330. Calculate the greatest common factor of o and 9.
9
Suppose -12*q = -17*q + 2365. Calculate the greatest common factor of 77 and q.
11
Let f(l) = 10*l + 26. Let k be f(6). Let h = k + -62. Calculate the greatest common factor of 6 and h.
6
Suppose 2*w = w + 9. Suppose 0*j = -j + w. Let h be 216/(-28)*14/(-2). What is the greatest common factor of j and h?
9
Let p be 7 + (749 - 5) + -1 + -2. Calculate the greatest common divisor of 44 and p.
44
Let m = 19 - 15. Suppose -2*q + 20 = 3*q. Suppose m*d + 0*t + 4*t + q = 0, 3*d - 2*t = 22. What is the greatest common divisor of 6 and d?
2
Suppose -187 = -3*x - 52. Suppose x + 11 = 8*m. Suppose -48 = -m*v + 3*v. Calculate the greatest common divisor of v and 12.
12
Let r = 158 - 38. Calculate the greatest common divisor of 40 and r.
40
Let k = 574 - 317. Let t = -92 + k. What is the highest common factor of t and 15?
15
Suppose 0 = 3*g + 2*g - 80. Let c be (60/g)/(1/12). Suppose 0 = -0*z + 3*z - c. Calculate the greatest common divisor of 3 and z.
3
Let l = 16 + -13. Suppose a = l*a - 46. Let h = a - 9. What is the greatest common factor of 28 and h?
14
Suppose 68 = -3*v + 5*v. Suppose 9*p = 10*p - 8. Let z be -21*p/(-10) - 4/(-20). What is the greatest common divisor of v and z?
17
Let q = -2250 - -2289. What is the highest common divisor of 832 and q?
13
Suppose -3*k + 12 = -42. Let b(o) be the third derivative of o**5/15 + o**4/12 + o**3/2 - 4*o**2. Let s be b(3). Calculate the highest common factor of k and s.
9
Suppose 3*z + 5211 = 2*h, -3*z + 5*z + 13044 = 5*h. What is the greatest common factor of 90 and h?
90
Let k(j) = 9*j**2 + 44*j + 175. Let l be k(-5). Calculate the highest common divisor of 20 and l.
20
Let i = -1 + 21. Suppose 4*z - 30 = -3*b + 2*z, 0 = -2*b + 2*z + i. Let s be ((-215)/(-25) - 7)/(1/50). Calculate the highest common factor of s and b.
10
Let r(u) = -2*u - 2. Let y be r(-2). Suppose -8*a - 28*a = -1044. Suppose y*z + a = 3*s, 3*z + 26 = 3*s + 4*z. Calculate the greatest common factor of 54 and s.
9
Suppose 0*q = -6*q. Suppose -3*p + 3 = 2*a - 3, -2*p - a + 5 = q. Calculate the highest common divisor of 8 and p.
4
Let v = 1109 - 1081. What is the highest common factor of v and 52?
4
Let u = -1834 + 2177. What is the highest common divisor of u and 49?
49
Suppose -161*m + 165 = -158*m. Calculate the greatest common factor of 110 and m.
55
Suppose -2*y + 9 = o + 3, 3*y - 4 = o. Suppose 3*n = -2*t + 14, o*n = -4*t + 7*t + 5. Calculate the highest common factor of 9 and t.
1
Let h be (3/(-6))/(-2 - 3/(-2)). Let s(u) = 24*u**2 + u - 2. Let m be s(h). What is the highest common divisor of 46 and m?
23
Suppose -3 = -z + 4*z. Let i = 4 + z. Let f be 37/i + 2/(-6). Calculate the greatest common factor of f and 8.
4
Let h(a) = -2*a**3 - 21*a**2 - 6*a - 3. Let p be h(-10). Let x be p/(-4) + (-4)/(-16). What is the highest common divisor of x and 22?
11
Let o = 2726 + -2722. What is the highest common factor of 556 and o?
4
Let a = -6 - -26. Suppose 3*r + r - a = 0. Suppose -9 = -3*u, r*n = -5*u + 94 + 16. What is the greatest common factor of n and 171?
19
Let n be (-54)/7 - (-30)/(-105). Let q(j) = j**2 + 6*j - 1. Let s be q(n). Let u be 1 + 1 - 0 - -133. What is the highest common divisor of u and s?
15
Suppose 3*k + 643 = 2080. Suppose 362 = 3*r + 5*j, -4*r = j + 2*j - k. Calculate the highest common divisor of 17 and r.
17
Suppose 3*l = 7*l - 40. Let u be 1 - (-1)/((-1)/(-1)). Let c be u/(-6) + 124/12. Calculate the greatest common factor of c and l.
10
Suppose -4*g + 412 = -4*q, 0 = -2*g - 2*q + 92 + 122. Suppose -